highest common factor of 40872 and 7174739?
1703
Calculate the highest common divisor of 2480043 and 54.
3
What is the greatest common divisor of 59631 and 115247?
11
Calculate the greatest common factor of 3333091 and 92.
23
What is the highest common divisor of 67364 and 16984?
44
What is the greatest common divisor of 10279048 and 117?
13
What is the highest common factor of 166315 and 157435?
185
Calculate the greatest common divisor of 47 and 271532536.
47
What is the greatest common factor of 17772698 and 1472?
46
Calculate the highest common divisor of 109326 and 147858.
114
What is the greatest common divisor of 3399081 and 2261?
133
What is the highest common divisor of 33 and 9299224?
11
Calculate the highest common factor of 11445846 and 5344.
334
Calculate the highest common divisor of 971555 and 61815.
65
Calculate the greatest common divisor of 78468557 and 321.
107
What is the highest common factor of 27802 and 750?
2
What is the highest common factor of 10395 and 10798326?
2079
What is the highest common factor of 11950624 and 1240?
248
Calculate the greatest common divisor of 1176 and 18373236.
588
Calculate the highest common divisor of 15 and 1019911275.
15
Calculate the greatest common divisor of 1092894 and 153120.
1914
What is the greatest common factor of 208849 and 5410423?
457
What is the highest common divisor of 6931200 and 33600?
4800
Calculate the greatest common divisor of 20 and 270379160.
20
What is the greatest common divisor of 190700708 and 176?
44
Calculate the greatest common factor of 15579246 and 102.
6
Calculate the greatest common factor of 120994523 and 39.
13
Calculate the highest common factor of 11133950 and 480.
10
Calculate the greatest common factor of 5572 and 165246814.
398
What is the greatest common factor of 1792 and 109081?
7
What is the highest common factor of 245 and 8999725?
35
Calculate the highest common factor of 1476 and 1412286.
246
What is the highest common factor of 235 and 5465080?
5
What is the greatest common factor of 54040 and 1863155?
35
What is the highest common divisor of 3607010 and 578585?
1355
Calculate the greatest common factor of 35 and 22269737.
7
What is the highest common divisor of 1062170938 and 6702?
2234
What is the greatest common divisor of 5471113 and 59299?
3121
Calculate the greatest common divisor of 32536 and 13880671.
4067
What is the greatest common factor of 1037 and 3050463?
17
What is the greatest common divisor of 99 and 4335267?
3
Calculate the highest common divisor of 27569 and 16834.
19
Calculate the highest common divisor of 214 and 1773544474.
214
What is the greatest common divisor of 5410468 and 13213?
73
Calculate the greatest common factor of 34599 and 10268619.
1821
Calculate the highest common divisor of 297880445 and 61960.
7745
What is the greatest common factor of 1742474 and 4142?
218
What is the highest common factor of 3744 and 17106960?
624
Calculate the highest common factor of 5297453 and 21.
7
What is the greatest common factor of 95408 and 2983912?
536
What is the highest common factor of 112914 and 1459026?
2214
Calculate the highest common factor of 103215 and 207900.
105
Calculate the highest common divisor of 8993224 and 20584.
248
What is the greatest common factor of 45 and 77430033?
9
What is the highest common factor of 478125 and 12240?
765
Calculate the highest common factor of 42845 and 79552.
11
Calculate the greatest common divisor of 5945 and 21635885.
145
What is the highest common divisor of 424 and 91836386?
106
Calculate the greatest common factor of 16980 and 157975128.
3396
What is the greatest common divisor of 16 and 8072752?
16
Calculate the highest common divisor of 11 and 24543959.
11
Calculate the highest common factor of 582003489 and 753.
753
What is the highest common factor of 1712 and 113106704?
1712
What is the greatest common divisor of 2826160 and 690?
10
What is the greatest common factor of 5054 and 578284?
266
What is the greatest common divisor of 1849 and 186147?
43
What is the greatest common factor of 115 and 12941042?
23
Calculate the greatest common factor of 2820544 and 192.
64
Calculate the greatest common divisor of 61523809 and 31.
31
What is the greatest common divisor of 1283397560 and 76?
76
What is the greatest common factor of 456 and 166586946?
114
What is the greatest common factor of 48126 and 49582?
26
What is the highest common divisor of 8327051 and 1?
1
Calculate the highest common divisor of 519274 and 2233.
203
What is the greatest common divisor of 91303528 and 1391?
107
What is the greatest common divisor of 286 and 18693532?
286
What is the greatest common divisor of 34 and 48309886?
34
Calculate the highest common factor of 11846025 and 31350.
1425
Calculate the highest common divisor of 217689 and 6705.
447
What is the highest common divisor of 85540 and 3104192?
364
Calculate the highest common factor of 12152 and 79148.
4
What is the greatest common factor of 27186 and 3222526?
394
Calculate the highest common divisor of 94195417 and 428.
107
Calculate the greatest common divisor of 462 and 173866308.
462
Calculate the greatest common divisor of 31464 and 20736.
72
Calculate the greatest common factor of 75277418 and 314.
314
What is the highest common factor of 1697 and 22907803?
1697
Calculate the highest common factor of 42764876 and 1078.
154
Calculate the highest common factor of 1840 and 1694564560.
1840
Calculate the highest common factor of 248 and 39222874.
62
What is the greatest common factor of 4561154 and 22568?
806
Calculate the greatest common factor of 7738 and 2944309.
3869
What is the highest common factor of 16341 and 15249?
39
What is the greatest common factor of 17172924 and 1632?
204
What is the greatest common divisor of 4 and 163464860?
4
What is the greatest common divisor of 103 and 282110099?
103
Calculate the highest common factor of 7938 and 213853689.
3969
What is the greatest common divisor of 81088 and 13021864?
1448
Calculate the greatest common divisor of 20944 and 32432192.
272
What is the greatest common factor of 324246860 and 492?
164
Calculate the highest common factor of 13204 and 93381989.
3301
Calculate the greatest common factor of 25 and 37002110.
5
Calculate the greatest common divisor of 52796 and 514564.
788
What is the greatest common factor of 608 and 32954208?
608
What is the highest common divisor of 2650 and 3832006?
106
Calculate the greatest common factor of 314370 and 49770.
630
What is the highest common divisor of 304916 and 2263?
31
Calculate the greatest common factor of 277816 and 77000.
616
What is the greatest common divisor of 336328 and 432775?
2473
What is the greatest common divisor of 56099507 and 23?
23
Calculate the highest common factor of 17547 and 3516.
3
What is the greatest common factor of 13046 and 7799?
11
Calculate the highest common factor of 63336 and 646230.
78
What is the highest common divisor of 513 and 194361507?
171
Calculate the highest common factor of 152705696 and 35938.
5134
What is the highest common factor of 12035 and 35?
5
Calculate the highest common factor of 28834715 and 140.
35
Calculate the highest common divisor of 444 and 73674992.
148
What is the highest common factor of 2348 and 105591908?
2348
What is the highest common divisor of 235356586 and 1766?
1766
What is the greatest common divisor of 557382 and 1113033?
1731
What is the highest common divisor of 3131 and 132401?
31
What is the greatest common divisor of 36 and 6896250?
18
Calculate the highest common factor of 81852633 and 135.
27
Calculate the highest common factor of 1475 and 461975.
25
What is the greatest common factor of 17703 and 598248?
63
Calculate the highest common divisor of 12586 and 519344.
14
Calculate the highest common factor of 107428624 and 1264.
1264
Calculate the highest common divisor of 5174 and 2382428.
398
Calculate the highest common divisor of 45 and 965354535.
45
What is the highest common factor of 374864 and 272?
16
What is the highest common factor of 81764670 and 116064?
2418
What is the greatest common factor of 5201053 and 1221?
407
Calculate the greatest common divisor of 314 and 51558.
2
What is the highest common divisor of 225168 and 5568?
48
Calcula